be 4495/174 - r/(-6). Calculate the greatest common factor of 65 and k.
13
Suppose -2*m = -j - 61, 4*j = -180*m + 177*m + 97. What is the highest common factor of m and 1519?
31
Let o be ((-15)/10 + 2)*-8. Let w(i) = -4*i + 16*i**2 - 15*i**2 + 0 - 10. Let z be w(o). What is the highest common divisor of 11 and z?
11
Suppose q = 4, -15*z - 2*q = -13*z - 5414. Calculate the greatest common divisor of 714 and z.
51
Let n(l) = -30*l**2 - 215*l + 4. Let k be n(-7). What is the greatest common factor of 1664 and k?
13
Suppose 0 = 3*l + 7 - 22. Suppose -3*u + 2*u + 3*w + 22 = 0, -l*u - 3*w = -74. What is the highest common factor of u and 152?
8
Let b(k) = -16*k + 1 + 25*k - 10*k. Let j be b(5). Let f be (-27)/j*(3 + 1). What is the greatest common divisor of f and 9?
9
Let i(p) = p**2 + 3*p - 4. Let v be i(-4). Let t be (42/12 + -4)*(-254 - v). Let k be t/4 + 6/(-8). What is the greatest common divisor of 155 and k?
31
Let b = 10991 + -10899. What is the highest common factor of b and 8924?
92
Suppose 985 = 10*a - 9*a + 2*z, 0 = -4*z - 8. Calculate the highest common factor of 387 and a.
43
Let k = -3433 - -4291. Calculate the highest common divisor of k and 54.
6
Let m = -2316 + 2354. What is the highest common factor of m and 268?
2
Suppose 495 = 7*l - 2*l. Let t be ((-90)/36)/(10/(-264)). What is the greatest common factor of l and t?
33
Let q be -1 + -4 - 1*5168/(-16). Calculate the highest common divisor of 12 and q.
6
Let q be (-42)/(-12 + 5) - 0. Let l be ((-7)/(-2))/(3/q). Let b be ((-34)/6)/((-5)/105). What is the highest common factor of l and b?
7
Let v = -504 - -573. Calculate the greatest common divisor of 5451 and v.
69
Let h = -33 - -59. Suppose -2*o + 2*d = -566, -2*d - 1238 = -5*o + 186. What is the highest common factor of o and h?
26
Let a = -292 + 776. Let g be (a/(-5))/(-1*4/10). What is the highest common divisor of g and 22?
22
Let j(w) = -w**2 - 25*w - 30. Let o be j(-25). Let g be ((-680)/o)/(1/3). What is the greatest common factor of g and 119?
17
Let p be (-23301)/(-117) + 45/(-39) + 1. Let r = p + -108. What is the greatest common divisor of 91 and r?
91
Suppose 50997 + 24891 = 17*g. What is the greatest common divisor of g and 288?
144
Suppose -m - 140 + 240 = 0. Suppose 0 = 3*b - b - m. Let l = 353 + -228. Calculate the highest common factor of l and b.
25
Suppose -12*k + 14*k = -5*d + 8225, -12306 = -3*k + 3*d. Calculate the highest common divisor of k and 5.
5
Let x = -4887 + 4920. What is the highest common factor of 3399 and x?
33
Let p(g) = g**3 - 8*g**2 - 8*g + 9. Let q be p(9). Let j = -3 + q. Suppose -22 = -13*b + 17. Calculate the greatest common divisor of j and b.
3
Suppose 5*j + 4*b + 53 - 4 = 0, -23 = 2*j + 5*b. Let i be (6/j)/(4/(-126)). Calculate the highest common divisor of i and 27.
3
Let v be (5 + -5 - 7) + 7. Suppose -3*w - 2*q + 28 = v, -2*w = -3*w - 3*q + 7. What is the greatest common factor of w and 30?
10
Let s(h) = 1097*h + 10196. Let q be s(-9). Calculate the greatest common divisor of 782 and q.
17
Let w be 5/((-4)/(-24) - 0). Let g = 3 + w. Let r(b) = -b**3 - 3*b**2 - 3*b + 2. Let n be r(-3). What is the highest common divisor of g and n?
11
Let d(u) = 19*u + 44. Let a be d(0). Calculate the greatest common divisor of 11 and a.
11
Let q be (-966)/(-253) - 2/(-11). Calculate the greatest common factor of 41 and q.
1
Suppose -106*a = -101*a - 180. Let k be (-4)/4 - 8*-1. Suppose 2*n = -k + 31. Calculate the highest common divisor of a and n.
12
Let p = -95 + 151. Suppose p*v - 44*v - 72 = 0. Calculate the greatest common factor of v and 10.
2
Suppose 4 = -4*r, -272 = -3*d - 26*r + 28*r. Let m = 11 + 1. What is the greatest common divisor of m and d?
6
Suppose -36 = -2*t - 0*t. Let z(q) = 2*q**2 - 16*q + 17. Let l be z(-7). Let a = 353 - l. Calculate the highest common factor of t and a.
18
Suppose -3*q = 2*q - 315. Let k = 285 + -276. Suppose -2*t + k = 3*y - 2, 0 = -3*y - 6*t - 9. What is the highest common divisor of y and q?
7
Let v(p) = 2*p**2 - 1. Let l be v(-1). Suppose 0 = 5*c + 2*o - 36 - 16, 4*c = 3*o + 14. What is the highest common divisor of l and c?
1
Suppose 2170 = -215*k + 205*k. Let a = k + 654. Calculate the greatest common factor of 23 and a.
23
Suppose q - 5*c = -22, -3*c + 12 = -3*q - 6. Let t(m) = -6*m**3 - m + 1. Let w be t(q). Calculate the highest common factor of w and 6.
3
Let k = 48 + -21. Let v(p) = 28 + k + 34*p - 54. Let f be v(1). What is the highest common divisor of f and 7?
7
Let i(l) = -l**2 + 11*l + 3. Let o be i(11). Let h(d) = -11*d - 166*d**2 + 165*d**2 + 3*d - 7. Let u be h(-4). Calculate the greatest common divisor of u and o.
3
Suppose -2*u - 4*v + 5620 = 0, 4*u = 1432*v - 1430*v + 11190. Calculate the greatest common factor of 385 and u.
35
Let j = -298 - -442. Let p be (-1)/(-11) - (23832/(-88))/(-9). Let m(b) = -3*b - 81. Let d be m(p). What is the greatest common factor of j and d?
9
Let b = 2350 + 484. What is the highest common divisor of b and 78?
26
Let a be -1*(-5 - 0) + -4 + 185. Suppose 4*s - 3*p = 299, -4*p + 211 = 5*s - a. Calculate the highest common factor of 22 and s.
11
Let i = -71 + 76. Let r(c) = -c**2 + 9*c - 15. Let w be r(i). What is the highest common factor of w and 95?
5
Suppose 3*o - 36 = -54, 4*w - 4*o - 1688 = 0. Calculate the greatest common factor of w and 10088.
104
Let i(v) = -10*v + 14. Let t be i(-1). Suppose -b = -5*y + 843, -4*y + b + 681 = -2*b. What is the highest common divisor of t and y?
24
Suppose 2*h - 3 = -o + 19, 0 = 5*o - 10. Let w(q) = 454*q - 7014. Let j be w(16). Calculate the greatest common divisor of j and h.
10
Let y be 130/(-6)*(1 - 4). Suppose -36*g = f - 39*g + 8, -5*f + 93 = 4*g. Calculate the highest common divisor of y and f.
13
Suppose -4*x + x - 14076 = -39*x. What is the highest common factor of x and 23?
23
Let f = 1026 + -558. Suppose 4*y - 547 = 5*t - 119, 0 = -4*y - 5*t + f. Calculate the greatest common factor of 128 and y.
16
Suppose 2*q - 165 = -5*i + 2, 4*q = 4*i + 236. What is the highest common divisor of q and 4323?
33
Let j be (-2 - 3)*(-5)/(15/42). Calculate the greatest common factor of j and 360.
10
Let s be 7*3/21*(1 + 14). Let y be (-12)/10*(-9 + 110/s). Let u(a) = a**2 + 2*a - 6. Let t be u(4). What is the greatest common divisor of y and t?
2
Let h(m) = -m**2 - 4*m - 6. Let f be h(-4). Let x(p) = -p**2 - 13*p + 8. Let v be x(f). Suppose 5*a = v + 120. What is the greatest common divisor of a and 85?
17
Let t(z) = z**2 - 9*z + 18. Let g be t(8). Let c(f) = -5*f - 20. Let r be c(-4). Suppose r = -5*b - 23 + 73. What is the highest common factor of b and g?
10
Let f(m) = -m + 8. Let c be f(-3). Let j = 3626 + 20446. Let t be 2/(-13) + (j/39)/8. What is the highest common divisor of c and t?
11
Let v = -638 - -386. Let f = v - -457. Calculate the greatest common factor of 82 and f.
41
Let q = -305 - -303. Let c be (q/(-3))/((-16)/(-72)). Suppose 4*o - 2*d - 126 = 0, 5*d - 2*d = 3*o - 90. Calculate the greatest common factor of o and c.
3
Let b = -40 - -44. Let x(y) = -y**2 - 22*y - 53. Let i be x(-15). Calculate the greatest common divisor of b and i.
4
Suppose 2*x - 126 = -5*x. Suppose 5*u - 181 = 44. What is the greatest common divisor of x and u?
9
Suppose -5293 + 1997 = -103*q. Calculate the highest common divisor of q and 2608.
16
Let w = -179 - -301. Let o = -51 + w. Let s = o - 19. What is the greatest common factor of 39 and s?
13
Let q(x) = 5*x + 5. Let n be q(9). Let p be 5/(n/330) - -2*2. Calculate the greatest common divisor of p and 296.
37
Let a be (65/(-39))/(15/(-18)). Suppose -d + 22 = a*u - 3*d, u - 5 = -2*d. What is the highest common divisor of u and 81?
9
Let v = -116 + 336. Let j(q) = -6*q + 308. Let f be j(44). Calculate the highest common factor of v and f.
44
Let d = -3824 - -5459. Let b = d - 1118. What is the highest common divisor of 47 and b?
47
Let v = -146 + 189. Let w = -39 + v. Calculate the highest common factor of 156 and w.
4
Let z = -41182 + 41752. What is the greatest common factor of 30 and z?
30
Let p be -1*6/3*(-63)/14. Suppose -507 = -3*y - 3*f, -2*f = -3*y - 3*f + 505. Suppose 4*g = 564 - y. Calculate the highest common factor of p and g.
9
Suppose 865 = 4*q + 5*y, -28 = 3686*y - 3682*y. Suppose -151 + 1 = -d. Calculate the grea